 47 = -3*x. What are the prime factors of x?
2, 3
Suppose -11*b + 3864 = -1328. List the prime factors of b.
2, 59
List the prime factors of (1538/(-9))/((-99)/891).
2, 769
Let r(x) = 56*x**2 + 2*x - 7. What are the prime factors of r(2)?
13, 17
Suppose -9*q + 710 + 4213 = 0. List the prime factors of q.
547
Let j(v) be the third derivative of -v**6/60 - v**5/30 + 5*v**4/12 - 2*v**3/3 - 8*v**2. List the prime factors of j(-5).
2, 73
List the prime factors of (-20330)/(-60) + (-2)/24*-2.
3, 113
Let z be (-2)/((24/(-15))/(-4)). Let x = z - -18. Suppose -w + x = -13. List the prime factors of w.
2, 13
Let c be (12/9)/((-4)/(-6)). Suppose -6*l + c*l = 5*n - 8, n - 3*l = -6. Suppose 2*m + 7 = 3*j - 42, n = -4*j + m + 72. What are the prime factors of j?
19
Let t(m) = 7*m**2 - m + 30. List the prime factors of t(-10).
2, 5, 37
Let t = -188 - -643. List the prime factors of t.
5, 7, 13
Let g(t) = -t**3 - 16*t**2 - 22*t + 5. Let z be g(-16). Let b = z - 231. List the prime factors of b.
2, 3, 7
List the prime factors of (16/(-12) - (5 + -6))*-15138.
2, 3, 29
Let c be (-3)/(-6)*(2 + -3)*-488. Suppose 5*r + 2*h - c = 508, -5*r = h - 751. List the prime factors of r.
2, 3, 5
Let n(x) = -406*x - 77. What are the prime factors of n(-6)?
7, 337
Let g = 543 + -187. List the prime factors of g.
2, 89
Suppose -3*r + 5*y - 25 = 0, 2*y = 4*r + 14 - 4. Let b(c) = -3*c + 13. Let q(u) = u - 6. Let n(g) = -2*b(g) - 5*q(g). List the prime factors of n(r).
2
Let c(s) = 5*s - 4. Let z be c(3). Let l = 42 - z. What are the prime factors of l?
31
Let a(m) = -m**3 - 14*m**2 + 32*m + 53. What are the prime factors of a(-17)?
2, 47
Let z = -14 - -7. Let b = 10 + z. Let r(j) = j**3 - 3*j**2 + 4*j - 1. List the prime factors of r(b).
11
Let q be 11/1*(0 - -2). Let f be -1 + (-56)/(-12) - 4/(-12). Suppose -q + f = -u. What are the prime factors of u?
2, 3
Let k(f) = -f**2 - 16*f - 10. Let w(x) = -x**2 + 3*x + 6. Let r be w(-3). List the prime factors of k(r).
2, 19
Let b = -3812 + 5865. List the prime factors of b.
2053
Suppose -w = -8 + 3. Suppose -2*n = -w*i + 30, i + n = -0*n + 6. What are the prime factors of 8 - (-3 + 0 + i)?
5
List the prime factors of (-2 + -135)*(-44 + 40).
2, 137
Suppose -19*v + 22*v - 3*h = 11037, 0 = -4*h + 8. What are the prime factors of v?
3, 409
Let w = -42 - -41. List the prime factors of (5*2/15)/(w/(-3)).
2
Suppose -2093 = -5*m - 5*v - 723, 3*m = 3*v + 804. List the prime factors of m.
271
Let x(w) = -w**2 - 12*w - 11. Let j be x(-12). Let s(a) = a**3 + 11*a**2 + 2*a + 15. Let b be s(j). What are the prime factors of 116*(b/4 + 2)?
29
What are the prime factors of (21/21)/((-2)/(-942))?
3, 157
What are the prime factors of (-9 - 38118/(-10)) + (-1)/(-5)?
3803
Let w = 43 - -24. Suppose -6*a = -7*a + w. List the prime factors of a.
67
Let v = -12 - -15. Let p(j) = -8*j + 4*j + 3*j + 2*j**v + 2 - 10*j**2 - 3*j**3. What are the prime factors of p(-10)?
2, 3
Let y(k) = 158*k**2 - 2*k + 7. List the prime factors of y(2).
5, 127
Let u(b) = -10*b + 11. Suppose 7*k + 13 + 43 = 0. What are the prime factors of u(k)?
7, 13
What are the prime factors of 564*(-7 - (-19)/2)?
2, 3, 5, 47
Suppose -9*m - 9 = -4*m - 4*i, 41 = -5*m - 4*i. Let u = 40 + m. What are the prime factors of u?
5, 7
Let i = 946 + -333. What are the prime factors of i?
613
Let g(s) = -228*s + 47. List the prime factors of g(-2).
503
Let j(x) = x + 1. Let t be j(1). Suppose 4*q + 2*b - 16 = -2, 2*q - t*b = 16. Suppose -4*s + 0*s = -5*l + 17, q*s + 5*l = 35. What are the prime factors of s?
2
Let u = -78 + 90. Suppose 14*j = u*j + 314. What are the prime factors of j?
157
Let v(m) = m**2 + 12*m + 33. Let n be v(-4). Suppose 2*b = 6*b - 5*x - 287, x = n. What are the prime factors of b?
73
Let q = 949 - -452. List the prime factors of q.
3, 467
Let i(x) = x**3 - 2*x - 6*x - 4*x - 2*x**2. List the prime factors of i(5).
3, 5
Suppose 0 = g + 3*g + 4. Let t = -2 + g. What are the prime factors of (-24)/9*(-6 - t)?
2
Suppose 0 = -2*x - 20 + 24. Suppose -u = 2*w + w - 720, -x*w + 2*u + 472 = 0. What are the prime factors of w?
239
Let r(h) be the first derivative of 8/3*h**3 + 7/2*h**2 + 5 + 1/4*h**4 - 6*h. What are the prime factors of r(-6)?
2, 3
Let l = 1 + 4. Suppose -l*s + 21 = 86. Let n = s + 31. List the prime factors of n.
2, 3
Let i = -54 - -57. Suppose 3*n + 4*k = 286, 0*n + 3*n - 282 = -i*k. What are the prime factors of n?
2, 3, 5
Suppose 18*d + 12 = 22*d. Suppose -20 = -8*i + d*i, -149 = -3*z + i. What are the prime factors of z?
3, 17
Suppose -40*k + 1870 = -35*k. What are the prime factors of k?
2, 11, 17
Let w(x) be the first derivative of 4*x**3/3 - 3*x**2/2 + 2*x - 4. List the prime factors of w(1).
3
Suppose 0 = -3*x - 12, 2*a - 389 - 441 = 3*x. List the prime factors of a.
409
Suppose j = 3*j + 80. Let r be (-16)/j - 6/15. Suppose -5*t - 2*d + 210 = r, 5*t - 2*d = 3*d + 175. What are the prime factors of t?
2, 5
Let o = 1 - -5. Suppose -2*p - 3 - 3 = -k, -4*p - o = k. List the prime factors of (36/(-5))/(k/(-5)).
2, 3
Suppose 5*q - 15123 = -p, 5*q - 8*p = -6*p + 15129. List the prime factors of q.
5, 11
Let g(w) = 3*w - 3. Let x be g(2). Suppose 3*v = v + 14. Suppose -x*q - 208 = -v*q. List the prime factors of q.
2, 13
Let k(a) = -a**3 + 12*a**2 + 26*a - 18. Let s be k(14). List the prime factors of 17/(-16)*s + (-2)/(-16).
7
Let l = -29 + 27. Let v be 5 + (-4 - -3) + l. Suppose 3*d - x = -v*d + 308, x + 60 = d. List the prime factors of d.
2, 31
Let y(p) be the first derivative of p**3/3 + 11*p**2/2 + 12*p + 5. Let t be y(-8). Let j = t + 33. What are the prime factors of j?
3, 7
Let v = -1083 - -1672. What are the prime factors of v?
19, 31
Let k(z) = 2*z**3 + z**2 - 6*z - 6. Let x(b) = -b**3 + b + 1. Let s(o) = k(o) + 6*x(o). Let i be s(-1). Let l = i - -6. List the prime factors of l.
11
Let y be (-3)/(1/1*-1). Suppose -72 = -y*c + 4*j, -5*c + 6*j + 115 = j. Suppose 3*o + 30 = f, -f = -4*o + 3*o - c. What are the prime factors of f?
3, 5
Let c = -93 - -101. Suppose -3*n + c*n = 4*s - 269, 0 = -4*s + 3*n + 275. List the prime factors of s.
71
Suppose 4*a = -7 - 45. Let q = 15 + a. List the prime factors of 1/q*(-18)/(-1).
3
Let x = -9 + 18. Suppose 4*b - 5*b + x = 0. List the prime factors of (-116)/(-16) + b/12.
2
Suppose -4*h - 2*h = 3*h. What are the prime factors of 14/56 - ((-669)/12 - h)?
2, 7
Let i be 4022/22 + -3 + 35/11. Let f = i + -62. What are the prime factors of f?
11
Let k = 132 + -71. Suppose -u = -2*b + 143, b + k = 2*b + 3*u. What are the prime factors of b?
2, 5, 7
Let l be 6/(-8)*(-16)/(-1). Let a be (l/9 - -3)*3. Suppose -z + 138 = 5*p + 27, p - 17 = a*z. List the prime factors of p.
2, 11
Suppose 4*u - 220 = 52. Suppose 0 = 2*a + j + 57, -3*a - u = -0*a - 2*j. Let d = -9 - a. What are the prime factors of d?
17
Let v(r) = 46*r - 14. Let t(l) = -3*l - 21. Let m be t(-8). What are the prime factors of v(m)?
2, 31
Let j = -407 + 617. What are the prime factors of j?
2, 3, 5, 7
Let x(q) = 1857*q + 37. List the prime factors of x(1).
2, 947
Suppose 2*m - 7308 = -2*m + 3*i, -5*i = -5*m + 9140. List the prime factors of m.
2, 3, 19
Suppose x - 91 - 69 = 0. What are the prime factors of x?
2, 5
Let a(t) = 5*t**2 + 7*t + 22. Let z be a(-7). Suppose 0 = 3*f - 2*n - z, 5*f - 422 + 68 = n. List the prime factors of f.
2, 5, 7
Suppose 2*q - 6*q - 1000 = 0. Let r be q/40 + 2/8. Let t(w) = 2*w**2 + 9*w + 4. What are the prime factors of t(r)?
2, 11
Let n(k) = 2*k**2 + 37*k + 25. Let a be n(-18). Suppose 0 = 6*c - a*c + 109. What are the prime factors of c?
109
Let z = -38 - -42. Suppose -r - 4 = -2, -z*t - 5*r + 350 = 0. List the prime factors of t.
2, 3, 5
Suppose 0 = f + 20 - 72. Suppose f = 2*n - 88. Suppose -3*j + n = 2*j. What are the prime factors of j?
2, 7
Suppose -16632 = -38*m + 11*m. List the prime factors of m.
2, 7, 11
Let a = -8 - 0. Let g(d) = -7*d + 16. What are the prime factors of g(a)?
2, 3
Let y be ((-1)/(-2))/((-5)/(-110)). Suppose -319 + 3003 = y*f. List the prime factors of f.
2, 61
Let o(g) be the third derivative of -1/24*g**4 + 5/3*g**3 + 0 + 5*g**2 + 0*g. List the prime factors of o(-5).
3, 5
Suppose -4*d = -2 - 6. Suppose -2*s + 3*a + 3 = s, 4 = d*a. Suppose -69 = -s*m - 3*b, -4 = -5*b + 1. What are the prime factors of m?
2, 11
Le